 divided by d?
10
Suppose 13*p - 256 = 5*p. Calculate the remainder when (3*-23)/(15/(-20)) is divided by p.
28
Suppose 40 = 4*a + a. Suppose a*p - 651 = p. What is the remainder when p is divided by 16?
13
Let q(w) = w**3 + 6*w**2 + 2. Calculate the remainder when q(-5) is divided by (-8)/184 - 8075/(-575).
13
Let p = -338 - -356. Suppose 4*u + 850 = -r - 52, -896 = 4*u + 4*r. Let c = -155 - u. What is the remainder when c is divided by p?
17
What is the remainder when -1*(7359/(-198) - 2/(-12)) is divided by 126/10 + 2/5?
11
Let s(n) = -84*n**3 + 2*n**2 + 6*n + 14. What is the remainder when s(-2) is divided by 49?
45
Suppose 0 = 4*r - 0*r - 4*z - 24, -3*r - 3*z = -42. Calculate the remainder when (-4)/14 + (-484)/(-28) is divided by r.
7
Suppose 0*n = -3*f - n + 967, 4*n - 648 = -2*f. Let y = -183 + f. Calculate the remainder when y is divided by (-2)/(-4) - (-69)/2.
34
Let h = 641 + -582. Calculate the remainder when 351 is divided by h.
56
What is the remainder when 144 is divided by 0/3 + (-262)/(-2)?
13
Suppose -2*j = -5*j - l + 18, -2*l - 41 = -5*j. Suppose -4*c - 55 = -3*c + 5*s, -5*c - s = 251. Let g = c + 52. What is the remainder when j is divided by g?
1
Let s(p) = -p**3 + 34*p**2 + 41*p + 42. Calculate the remainder when s(35) is divided by 17.
14
Let a = 25 - 23. Suppose -3*n = -a*r - 2, -3*n - 2*n = 4*r - 40. What is the remainder when 8 is divided by r?
3
Let l(g) be the first derivative of g**2 + 62*g - 23. What is the remainder when 87 is divided by l(-9)?
43
Let r be -1*3*20/3. Calculate the remainder when 141 is divided by (-5)/25 - 724/r.
33
Let z(o) = -2*o**2 + 3*o. Let i be z(2). Let k = -1 - i. Suppose 5*g - k = 44. Calculate the remainder when 26 is divided by g.
8
Suppose 0 = -34*s + 45*s - 22. Calculate the remainder when s is divided by 2.
0
What is the remainder when 37 is divided by (-160)/(-15) + 2 - 1/(-3)?
11
Suppose 0 = -2*v + 4*p + 264, 5*v + 8*p = 13*p + 660. What is the remainder when v is divided by 45?
42
Suppose -17*z = -40*z + 16169. What is the remainder when z is divided by 47?
45
Suppose -5*n = -2*i + 39, -3*n + 4*n + 91 = 3*i. Suppose 2*d + 170 = -3*d + a, -4*d = -2*a + 130. Let g = -18 - d. What is the remainder when i is divided by g?
15
Let h(q) = -q + 17. Suppose 118 = v - 4*o, 0*v - 4*o = -2*v + 232. Calculate the remainder when v is divided by h(-12).
27
Let j(z) = 7*z - 3. Let d = 3 - 0. Let y = 56 - 21. What is the remainder when y is divided by j(d)?
17
Let p(k) = k**3 - 2*k**2 + 4*k - 2. Suppose 2*u - 344 = -82. What is the remainder when u is divided by p(3)?
17
Suppose -2*z + 3*z = -10. Calculate the remainder when 39 is divided by 0/1 - (0/7 + z).
9
Let c = 152 + -142. What is the remainder when 38 is divided by c?
8
Suppose 11*a - 12*a + 2 = 0. Let c = 7 + a. Suppose -4*d + 63 = 4*p - 3*d, d = 4*p - 65. What is the remainder when p is divided by c?
7
Let a(c) = -21*c - 121. Calculate the remainder when a(-15) is divided by 58.
20
Suppose -2*z - 652 = -3*v, -4*z - 204 = 2*v - 3*v. What is the remainder when v is divided by 15?
10
Suppose -3*x + 12 = -x. Let s = 6 - x. Suppose s*f - 2*f + 24 = 2*m, -4*m + 4*f + 72 = 0. Calculate the remainder when m is divided by 6.
3
Let l = -16 - -32. What is the remainder when 31/(-8*(-19)/456) is divided by l?
13
Let k(b) = -2*b + 4. Let t be k(0). Let c be t/(-6) - 32/(-12). Suppose 2*w = 2*g - 28, 0 = 3*g - c*w - 12 - 26. What is the remainder when g is divided by 6?
4
Let x = 5 + -11. Let g(y) = 2*y**2 + 6*y. Let f be g(x). Suppose 0 = -2*a - 0*a + f. Calculate the remainder when 34 is divided by a.
16
Let g(u) = -u + 10. Let c be g(4). Suppose c*f + 0*f = 48. Suppose -3*n = -0*n - 69. What is the remainder when n is divided by f?
7
Let y = 12 + -12. Suppose y = -s + 2, 5*d - 188 = 2*s - s. Suppose j - 20 = 3*r, j + j = -3*r + 22. Calculate the remainder when d is divided by j.
10
Let n be 0 - 2/2*-5. Suppose -15 = n*k - 0, 4*d - 5*k = 163. Let b(m) = 19*m + 108. What is the remainder when d is divided by b(-5)?
11
Suppose -100 = -7*u + 3*u. Let t = 16 + -13. Suppose t*f - 20 = 19. What is the remainder when u is divided by f?
12
Calculate the remainder when 6/(-14) + 903/49 is divided by 8.
2
Let q = -648 - -704. Suppose -h = 4*h - 110. What is the remainder when q is divided by h?
12
Let k(h) = -h - 8. Let q be k(-8). Suppose c + q*c = 27. What is the remainder when c is divided by (-28)/378*-9*3*5?
7
Let c(s) = 6 + 12 + s - 3*s. Let v be c(9). Suppose v*y + 2 = y. Calculate the remainder when 7 is divided by y.
1
Suppose u + 5*v - 11 = -4, 2 = -u - 2*v. Let g be (-7)/(-14)*(-7)/((-21)/6). What is the remainder when g/((u/(-38))/4) is divided by 7?
5
Suppose -k = k - 94. Suppose 0 = -z + 3*z - 20. Suppose 0 = -z*f + 5*f + 120. Calculate the remainder when k is divided by f.
23
Let c be 9/12 - (-5)/(80/(-1116)). Let y = 122 + c. Calculate the remainder when y is divided by 28.
25
Let g(z) = 2*z - 3. Let s(l) = -2 + 0 + 0 + 1. Let c(u) = g(u) - 4*s(u). What is the remainder when 26 is divided by c(3)?
5
Let b(q) = q**2 + 7*q + 2. Let y(o) = -o - 19. Let l be y(-13). Let w be b(l). What is the remainder when 7 is divided by (w*1)/(4 - 5)?
3
Suppose 8 = 2*y - 4*w, -2*y - 2*w = w - 1. Suppose 17 = -4*o - y*v + 65, -o + 22 = -2*v. What is the remainder when 25 is divided by o?
11
Suppose 0 = 295*v - 291*v - 28. Calculate the remainder when 20 is divided by v.
6
Let u(h) = 17*h**2. Calculate the remainder when 4224/84 - 2/7 is divided by u(-1).
16
Suppose 12 = -3*a, -a - 2*a + 1480 = 2*f. What is the remainder when f is divided by 83?
82
Let z(y) = -3*y**3 - 6*y**2 + 7*y + 2. Let f be z(4). Let p = -139 - f. Calculate the remainder when p is divided by 30.
29
Let x = -7 + 15. Let r be (-13)/(-4) - 2/x. Suppose -r*j = 2*j - 50. Calculate the remainder when j is divided by 4.
2
Let c = -106 + -15. Let h = c - -140. What is the remainder when (-516)/(-7) + 2/7 is divided by h?
17
Let f be (30/9)/(4/6). Calculate the remainder when 70 is divided by (18/f)/((-1)/(-5)).
16
Let t(o) be the second derivative of 7*o**3/2 - o**2/2 - 2*o + 22. What is the remainder when t(4) is divided by 28?
27
Suppose -3*t = t - 32. Let p be t/(-2)*310/(-20). Suppose -p = -3*z + 16. What is the remainder when z is divided by 14?
12
Suppose 0 = -2*y - 217 + 629. Let w(j) = -j**3 - 4*j**2 + 5*j - 60. What is the remainder when y is divided by w(-7)?
50
Suppose -3*g - 35 = -2*z, -4*g - 77 = -z - 4*z. What is the remainder when 73 is divided by z?
8
Suppose 2*s = -s - o + 268, s - 4*o - 85 = 0. Calculate the remainder when s is divided by 31.
27
Let n(j) = -j**2 - 17*j + 22. Let r be ((-3)/2)/((-18)/(-192)). Let a be n(r). Let u = a + -5. What is the remainder when u is divided by 9?
6
Let u(s) = 8*s**2 - 8. Let k be u(-5). Suppose -195 = -9*y + k. What is the remainder when 343 is divided by y?
42
Suppose -3*s - 16 = -4*w - 115, 4*w = -3*s + 99. What is the remainder when ((-651)/14)/(2/(-4)) is divided by s?
27
Suppose 2*o + 5*f + 2 = 0, o - 14 = -o - f. Let x = -21 + 39. What is the remainder when x is divided by o?
0
Suppose -5*h + 459 = 2*x, -5*x - 115 = -3*h + 148. Calculate the remainder when 272 is divided by h.
90
Suppose -8*h + 36 = -436. Calculate the remainder when 1059 is divided by h.
56
Suppose 13 = 12*n - 23. Suppose 2*k + k - 33 = 0. Calculate the remainder when k is divided by n.
2
Suppose 4*p = -3*a - 13, 3*p - 6*a + a - 12 = 0. What is the remainder when 69 is divided by p/((-20)/356) - 2/(-10)?
15
Let o(a) = -13*a - 88. What is the remainder when o(-9) is divided by 15?
14
What is the remainder when 49 + -50 - (-1 + -154) is divided by 51?
1
Let q = 3 + -13. Let g = 18 + q. Let c = -7 + g. Calculate the remainder when 2 is divided by c.
0
Let l = -131 - -202. Let j = -35 + l. What is the remainder when 15 is divided by (-8)/1*j/(-48)?
3
Calculate the remainder when 48 is divided by (21/(-140)*-16)/((-2)/(-5)).
0
Suppose h + 10*h = 2783. Calculate the remainder when h is divided by 15.
13
Let q(h) = -3*h + h + 18 + 9*h - 6*h. What is the remainder when 39 is divided by q(-3)?
9
Let k(t) = -27*t**3 + 2*t**2 + 3*t. Let w be k(3). What is the remainder when w/(-45) - 4/(-10) is divided by 3?
1
Let u(w) = -2*w - 11. Let m be u(-6). What is the remainder when 4